 the third derivative of d**5/20 - d**3/2 + 13*d**2. Let x be g(2). Let o(u) = u**3 - 7*u**2 - 6*u - 29. List the prime factors of o(x).
79
Suppose -x - 12*d + 13*d = -11596, 2*x - 23192 = -4*d. What are the prime factors of x?
2, 13, 223
Suppose 10*z + 3*r = 9*z - 3, -2*z + 2*r = -10. Suppose -1853 = -4*v - z*o, 58*o - 1883 = -4*v + 61*o. What are the prime factors of v?
467
Let n(q) = -22*q - 9. Let l be (7 + -1)*-1 - -2. Let b be n(l). Let u = b + 10. What are the prime factors of u?
89
Let v(a) = 20*a**2 + 2*a - 2. Let q be 299/52 + (-1)/(-4). Suppose -2*f = f + q. What are the prime factors of v(f)?
2, 37
Let v = 313 + -98. Suppose -2 = -f, -f = -19*s + 23*s - 30. Suppose -12*h + v = -s*h. What are the prime factors of h?
43
Suppose 16944*b - 630212 = 16933*b. What are the prime factors of b?
2, 14323
Suppose 223 = -5*m - 47. Let l = m + -107. Let s = -75 - l. List the prime factors of s.
2, 43
Let l be 2087 + ((-304)/48 - 4/(-3)). Suppose 32*v = 1054 + l. List the prime factors of v.
2, 7
Let p(h) = -h**3 - 7*h**2 - 3*h - 12. Let w be (-390)/(-33) + 4/22. Suppose -7*r + w*r + 35 = 0. List the prime factors of p(r).
3
Let a = -2334 + 2938. What are the prime factors of a?
2, 151
Let h(p) = p**3 - 6*p**2 + p + 1. Let y = -44 + 50. Let j be h(y). What are the prime factors of (-4 + j/2)*-8?
2
Let p = 56 - 58. Let k be 2/(-3)*3/p. List the prime factors of 1 - ((-31)/k)/(5/30).
11, 17
Let p(n) = 78 + 673*n - 337 + 164. List the prime factors of p(2).
3, 139
Suppose 54*i - 80542 = 75410. What are the prime factors of i?
2, 19
Let i(t) = 15 + 179*t + 169*t - t**3 - 354*t - 7*t**2. Let n be i(-6). Suppose 0 = 4*q - v + 5*v - 44, -3*q + 3*v + n = 0. List the prime factors of q.
2
Suppose -62*s + 30230 - 28410 = -118460. List the prime factors of s.
2, 5, 97
Let f be 6/(-36) - -1*4228/24. Let k = f - 113. List the prime factors of k.
3, 7
Let t be (-10)/(-50) - 63/(-15)*-6. Let l(j) = 6*j**2 - j - 2. Let q be l(3). Let z = q - t. List the prime factors of z.
2, 37
Let c(y) = 0*y**2 + 0*y**2 + 12 - 3*y + y**2 - 2*y**2. Let v be c(-7). List the prime factors of (132/v)/(1/(-4)).
3, 11
Let i = 903 + -621. Let n be (-24)/60 - i/(-5). Let j = -40 + n. What are the prime factors of j?
2
Let q(x) = -24*x + 795. What are the prime factors of q(-43)?
3, 7, 29
Let q = 6 - 6. Suppose q = -81*u + 76*u - 2185. Let p = -227 - u. List the prime factors of p.
2, 3, 5, 7
Let d be (-2216)/(-24) + (-16)/12. Suppose -3*h + 109 = d. List the prime factors of h.
2, 3
Suppose 0 = -26*j - 41*j + 26*j + 132512. What are the prime factors of j?
2, 101
Let y(k) = 2. Let c(l) = 15*l - 5. Let u(h) = c(h) - 15*y(h). What are the prime factors of u(6)?
5, 11
Suppose 91433 = -88*m + 246841. What are the prime factors of m?
2, 883
Suppose 3*l = a + 93422, 0 = -3*l - 14*a + 16*a + 93418. What are the prime factors of l?
2, 23, 677
Suppose -a + 15 = 2*c, 11 = 2*c - a - 10. Suppose -c = 8*p - 5*p. Let m(d) = -12*d - 14. What are the prime factors of m(p)?
2, 11
Let d(u) = -2881*u - 263. List the prime factors of d(-2).
3, 13, 47
Let j = -875 - -858. Let h(d) = -d**3 - 15*d**2 - 24*d + 29. List the prime factors of h(j).
5, 7, 29
Suppose 12*q - 15*q = -48. Suppose -s + 5*v - 26 = 3*s, 5*s + 2*v = -q. List the prime factors of (s/(-3))/(30/1755).
2, 3, 13
Suppose 65 = 2*k + 37. What are the prime factors of 3148/k + 1/7?
3, 5
Let d = -18599 - -20004. What are the prime factors of d?
5, 281
Suppose -20886 = -5*x - 17 - 4914. What are the prime factors of x?
3191
Suppose -5*i = 247*w - 248*w - 10790, w = 5. List the prime factors of i.
17, 127
Suppose -4*j + 276 + 116 = 0. Let w = 282 - j. What are the prime factors of w?
2, 23
Let n be 2/2 + 6 + -2. Suppose 0 = 2*u + 10, g = -g - 3*u - 5. Suppose -l = g*s - 441, n*s = -l - 3*l + 444. List the prime factors of s.
2, 11
Let f = 26033 + -17771. What are the prime factors of f?
2, 3, 17
Let i(o) = o**3 - 22*o**2 - 23*o + 16. Let j be i(24). Let z(h) = -8*h**3 + h**2 + h + 1. Let d be z(-1). Suppose -d*s + j = -2*s. List the prime factors of s.
2, 11
Let m = -51 - -525. Let p = -80 + m. List the prime factors of p.
2, 197
Let q = 2 - 6. Let g(m) = m**2 + 4*m + 7. Let h be g(q). Suppose 0 = -h*i + 163 + 334. What are the prime factors of i?
71
Let n = -57 - -139. Let y = n + 191. List the prime factors of y.
3, 7, 13
Let j = 13447 + 24463. What are the prime factors of j?
2, 5, 17, 223
Let g(s) = -4*s + 32. Let m be g(8). Let h(n) = -2*n**2 - 2*n. Let c be h(m). Suppose 2*l + 128 = 3*y, -5*y + 2*l + c*l = -220. List the prime factors of y.
2, 23
Suppose 0 = -2*b - 3*n + 12, 20 = -2*n + 7*n. Suppose b = -2*a + 5*c + 1543, 3447 = 5*a + 3*c - 426. List the prime factors of a.
2, 3, 43
Let f = -19859 - -39628. List the prime factors of f.
53, 373
Let k(d) = 94*d**2 - 101*d + 567. List the prime factors of k(6).
3, 5, 223
Suppose 89*s + 271222 = 816881. What are the prime factors of s?
6131
Let f(s) be the third derivative of -s**6/120 + s**5/4 + 5*s**4/24 - 7*s**3/2 + 2*s**2 + 7. List the prime factors of f(15).
2, 3
Suppose -2*f = 3*s - 55009, -27*s = 5*f - 32*s - 137510. What are the prime factors of f?
7, 3929
Suppose -2*i + 8470 = -2*l + 4*l, 0 = 3*i + 2*l - 12701. List the prime factors of i.
4231
Let d be 16 + (4 - -12)/(-4). Let l(s) = -s**3 + 19*s**2 + 13*s - 53. List the prime factors of l(d).
11, 101
What are the prime factors of (-2705)/((2/5*(-42 + 37))/14)?
5, 7, 541
Suppose 4*a + 86 - 82 = 0. Let w be (2/a)/10 - 384/80. List the prime factors of 4/w*(-2745)/18.
2, 61
Let c(j) = 40*j + 24. Let l(d) = -3*d. Let u(v) = -c(v) - 12*l(v). Let p be (-9)/2*(-6)/(-3). List the prime factors of u(p).
2, 3
List the prime factors of 3452*(7 + 147/(-28)).
7, 863
Let l(u) = 2251*u - 2499. What are the prime factors of l(13)?
2, 6691
Suppose -18*d + 8440 = -13820 - 6378. List the prime factors of d.
37, 43
Let g be (-1 - -1)*(-26)/(-130). Suppose 4*v - 1720 = -5*k, g*k - 4*v = 3*k - 1032. List the prime factors of k.
2, 43
List the prime factors of (-3112090)/465*((-1 - (-6)/4) + -2).
10039
Let s = 182 + -154. Suppose 30*y - 340 = s*y. List the prime factors of y.
2, 5, 17
Suppose -6*m - 8 = -4*s - 2*m, 4*m - 22 = -s. Let z = s + 2. Suppose -4*d + 16 = 0, -5*g + z*d + 305 = 3*d. List the prime factors of g.
5, 13
Suppose -3*l = 15*l - 90. Suppose l*t = -3*t + 32. What are the prime factors of ((-14)/21)/(t/6) - -282?
281
Let n be (-4)/(-62*4/48 + 5). Suppose -n*u + 17*u = -11571. List the prime factors of u.
3, 19, 29
Let f(z) = -106*z**3 - 9*z**2 - 14*z - 3. Let l be 12/102*-16 + 6/(-51). List the prime factors of f(l).
3, 31
Let q be -13 + 15 - 3/((-6)/2566). Suppose 0*f - 4*f - 1604 = -5*y, -5*f = -4*y + q. List the prime factors of y.
2, 5
Suppose 4*s - 16335 = 5*u, 658 = 2*s - 3*u - 7507. What are the prime factors of s?
2, 5, 409
Suppose -2207 = -169*h + 48*h + 337319. What are the prime factors of h?
2, 23, 61
Let k = -501 + 1216. Let f = k - 522. What are the prime factors of f?
193
Let y = 346 - 445. What are the prime factors of 15603/33 + (-18)/y?
11, 43
Suppose 8*l + 661 = 789. Suppose 11*w - l*w + 2540 = 0. List the prime factors of w.
2, 127
Let z(j) = -172*j**3 + j**2 - 123*j - 676. What are the prime factors of z(-5)?
2, 2683
Let f = 103 - 103. Suppose m - 307 - 162 = f. List the prime factors of m.
7, 67
Suppose -4*n - 3*v = 18730 - 68806, -50076 = -4*n + 3*v. List the prime factors of n.
3, 13, 107
Let b(a) = -20*a**2 + 3*a - 3. Let o be b(1). Let u(k) = -4*k - 22. Let c be u(o). Let y = -22 + c. What are the prime factors of y?
2, 3
Let f be (-590)/((114/48)/(-19)). Suppose 2*s - f = 3*y - 7*y, 2*y + 3*s = 2356. What are the prime factors of y?
1181
Suppose 9*n - 22*n = 4*n - 537472. List the prime factors of n.
2, 13, 19
Let p be -2 + 0 + 1 + 3 + 1. Suppose -94 = p*i - 271. List the prime factors of i.
59
Let l(q) = 38*q**2 - q - 1. Let m be l(2). Let f = 356 - m. What are the prime factors of f?
3, 23
Let c(d) = -d**2 - 14*d + 1. Let h be c(-15). Let z be (h/(-10))/(-1) + (-4)/(-10). List the prime factors of z/5 + (-1953)/(-15).
2, 5, 13
Let r(q) = 9*q**2 + 9*q + 29. Let s(i) = 17*i - 196. Let t be s(11). What are the prime factors of r(t)?
677
Let i(v) = -495*v**3 + v**2 + v. Suppose 3*y + 23 = 6*c - 2*c, 0 = c - 5. L